32 (base 6) to base 13.
-20c6c
-653346 (base 9) to base 5
-44431241
What is -409231 (base 11) in base 3?
-1020100111022
What is 2090483 (base 12) in base 9?
12526830
Convert 3403a1 (base 11) to base 6.
15342051
-1001010011001100101001 (base 2) to base 8
-11231451
What is 119998 (base 10) in base 2?
11101010010111110
Convert -172a47 (base 12) to base 5.
-100231220
-119867a (base 11) to base 7
-23434006
94035 (base 10) to base 9
152883
Convert 1d1ba (base 15) to base 8.
271264
Convert -3032213 (base 4) to base 3.
-200010202
Convert -d00b9 (base 14) to base 16.
-79f73
Convert 2223123 (base 4) to base 8.
25333
What is 270381 (base 10) in base 5?
32123011
Convert -e85d25 (base 15) to base 12.
-3852245
1b3b3c (base 13) to base 16
a96cd
Convert -12f21f (base 16) to base 6.
-42340143
Convert -26e58 (base 15) to base 10.
-124733
Convert -536676 (base 11) to base 13.
-24069c
-11000100010000 (base 2) to base 4
-3010100
7462a4 (base 15) to base 16
5484a3
100010110010111001 (base 2) to base 13
4cb42
Convert 1816b98 (base 12) to base 8.
23070044
What is -133147 (base 15) in base 3?
-1201211021211
Convert -142434115 (base 6) to base 11.
-1720311
What is -1326155 (base 7) in base 6?
-3430135
Convert 463251 (base 9) to base 14.
73421
-20432 (base 8) to base 6
-103122
-40d052 (base 16) to base 4
-100031001102
Convert 2302328 (base 9) to base 14.
24476c
218007 (base 14) to base 4
10111112113
Convert -11987 (base 15) to base 7.
-322465
What is 2cc967 (base 13) in base 10?
1113288
Convert -1210010011 (base 3) to base 9.
-53104
Convert -35024363 (base 8) to base 7.
-121464225
What is -114101232 (base 5) in base 15?
-a85cc
What is -11430515 (base 8) in base 4?
-21203011031
Convert -66053 (base 11) to base 4.
-113122102
Convert 33859 (base 10) to base 5.
2040414
Convert 49209 (base 13) to base 7.
1066506
124453305 (base 6) to base 7
26643002
1244411 (base 5) to base 14
9165
-10435312 (base 6) to base 3
-121001122022
Convert -343d9 (base 15) to base 6.
-3321410
What is 10111101100 (base 3) in base 2?
10000110011000101
Convert 42c111 (base 13) to base 2.
101111111000001001001
110101111010111110 (base 2) to base 4
311322332
-1011011110000111011010 (base 2) to base 10
-3006938
-49c02 (base 13) to base 7
-1104432
-94ed23 (base 15) to base 3
-111100001122120
Convert 5136953 (base 10) to base 4.
103212020321
-31131 (base 14) to base 15
-25071
Convert 30a261 (base 12) to base 3.
1102211012101
What is 10310611 (base 7) in base 11?
549720
What is -361396 (base 12) in base 15?
-123ac6
129311 (base 12) to base 14
7d8a9
Convert -57322627 (base 8) to base 12.
-41b4647
Convert -1118157 (base 9) to base 8.
-2231610
Convert 14025031 (base 7) to base 12.
52885a
499b9 (base 15) to base 3
102221110110
Convert -413005 (base 9) to base 13.
-87653
What is 19cad (base 14) in base 12?
31b81
2505331 (base 8) to base 11
4320a6
What is 122100101 (base 3) in base 8?
30546
Convert 32430 (base 11) to base 7.
254216
What is 114431023 (base 5) in base 2?
10000101001111100011
What is 18a228 (base 12) in base 4?
1221203000
What is 8745 (base 16) in base 11?
24021
-3040132 (base 8) to base 7
-6552556
-221101210100 (base 3) to base 9
-841710
Convert 678da (base 16) to base 15.
85a1e
-2012010210 (base 3) to base 2
-1010100001101001
1230b36 (base 12) to base 10
3547482
Convert 2656726 (base 8) to base 3.
1101211211120
What is -1231a9 (base 14) in base 6?
-21205201
What is -3b15d (base 16) in base 11?
-155912
1815447 (base 10) to base 8
6731627
What is -200222110021012 (base 3) in base 6?
-1000105222
-70755 (base 10) to base 7
-413166
What is -101000101000010000 (base 2) in base 10?
-166416
What is -555136 (base 7) in base 8?
-277047
Convert -8e023 (base 15) to base 8.
-1563273
-8c8db (base 14) to base 6
-11155225
-1110110111011010001 (base 2) to base 15
-994eb
-166662 (base 8) to base 4
-32312302
What is -100001001111100101111100 (base 2) in base 5?
-4212331440
1000011111110011110001 (base 2) to base 15
2deeb1
What is 17bb (base 15) in base 5?
131001
776562 (base 10) to base 11
490496
-120111120031 (base 4) to base 9
-13002331
-1001011112100 (base 3) to base 8
-2072673
-3b417 (base 14) to base 12
-70765
What is -248a62 (base 11) in base 2?
-1011111110110010000
What is 1507360 (base 12) in base 14?
7c6292
-233396 (base 10) to base 11
-14a399
What is -2100202000000 (base 3) in base 10?
-1254609
What is 558237 (base 10) in base 15?
b060c
What is -1101111010000111 (base 2) in base 4?
-31322013
20341441 (base 5) to base 6
3335255
What is 134304 (base 6) in base 8?
30540
What is 61143622 (base 8) in base 16?
c4c792
What is -323003303121 (base 4) in base 14?
-20b0225
-8b5bb (base 13) to base 9
-425847
20265341 (base 9) to base 6
544253531
What is 419a5 (base 11) in base 8?
167253
Convert 1534453 (base 9) to base 7.
10136064
76898 (base 14) to base 7
2303651
What is 251578 (base 9) in base 5?
14331413
What is -2120113 (base 6) in base 12?
-50039
-1543943 (base 11) to base 7
-31305164
-101002221210101 (base 3) to base 13
-1161553
516522 (base 9) to base 8
1126655
What is -14b835 (base 14) in base 10?
-723287
-349c4 (base 14) to base 9
-214720
172860 (base 9) to base 4
122022000
What is 2873262 (base 12) in base 11?
4641728
-110000001010111011 (base 2) to base 3
-101000122200
579018 (base 10) to base 6
20224350
What is -7355b2 (base 14) in base 13?
-a64a77
Convert 311301223 (base 4) to base 16.
35c6b
What is -33897 (base 13) in base 7?
-540216
Convert 249403 (base 14) to base 5.
310123140
What is -110022355 (base 6) in base 14?
-3913c3
-1101110111001010011100 (base 2) to base 11
-2062163
What is -12551051 (base 6) in base 3?
-210021120011
Convert -11133131020 (base 4) to base 5.
-332031220
1030336 (base 7) to base 14
337c6
17708b4 (base 14) to base 10
11564942
Convert -61556136 (base 7) to base 9.
-10630160
-10010010110000101 (base 2) to base 4
-102112011
What is 13121000033 (base 4) in base 2?
111011001000000001111
What is 2077181 (base 9) in base 12?
45886a
What is 7d45c (base 14) in base 13?
a9052
Convert -3254a0 (base 11) to base 10.
-519684
-11011111010001110000 (base 2) to base 9
-1643460
-443256 (base 7) to base 16
-130b0
What is -2041012 (base 7) in base 8?
-737006
9037a (base 11) to base 9
221330
-916014 (base 13) to base 3
-20100220011000
-3010231111 (base 4) to base 14
-16d8b3
Convert -1201001001011 (base 3) to base 7.
-10462630
Convert 14517467 (base 9) to base 10.
7216027
Convert -3142732 (base 10) to base 11.
-18571aa
Convert -54749a (base 13) to base 14.
-39a12b
3a4a821 (base 11) to base 6
405554230
What is 14021430 (base 5) in base 14?
39b11
What is -5725885 (base 9) in base 3?
-12210212222212
Convert -214d61 (base 15) to base 10.
-1585891
What is 204222114 (base 5) in base 9?
1537068
Convert -8426a (base 13) to base 10.
-237702
-312645 (base 8) to base 5
-11310340
1ddb6 (base 16) to base 10
122294
Convert -302131120002 (base 4) to base 10.
-13227522
Convert -238670 (base 10) to base 9.
-403348
Convert 51818d (base 14) to base 5.
1200443214
-15025020 (base 6) to base 13
-151377
Convert d80d4 (base 16) to base 15.
127318
-1000110011010111111 (base 2) to base 5
-33212242
Convert -12220012112 (base 3) to base 11.
-7a21a
Convert bd563 (base 15) to base 10.
601968
What is 363561 (base 7) in base 12?
32340
-314245 (base 6) to base 8
-61765
What is 20021002110 (base 3) in base 15?
267cc
What is 13101200233 (base 4) in base 16?
1d182f
127595 (base 10) to base 5
13040340
122212110212 (base 3) to base 12
14b665
Convert 12001200102001 (base 3) to base 13.
7326ca
Convert 110101110110110010 (base 2) to base 15.
45564
51700324 (base 8) to base 12
3814870
What is -22458 (base 15) in base 13?
-3a7b4
Convert -110010101101100101110111 (base 2) to base 13.
-29a5c50
Convert -31227362 (base 8) to base 10.
-6631154
What is -96196 (base 10) in base 6?
-2021204
Convert -1808e (base 15) to base 6.
-1355555
Convert -533074 (base 8) to base 10.
-177724
What is 525225 (base 6) in base 4?
22122101
Convert 2030010100 (base 4) to base 11.
362047
Convert 4446a9 (base 11) to base 16.
ad149
What is -bb8108 (base 12) in base 8?
-13272630
Convert 11034134 (base 5) to base 8.
273651
Convert -11012233302 (base 4) to base 6.
-44404030
Convert -121221002211101 (base 3) to base 15.
-bcac7d
What is 11000110 (base 8) in base 16?
240048
